n 128846 is divided by 5379?
5129
Calculate the remainder when 30504542 is divided by 1326284.
10
What is the remainder when 2710638 is divided by 903490?
168
Calculate the remainder when 7626332 is divided by 281.
273
What is the remainder when 4836306 is divided by 683?
666
Calculate the remainder when 184476 is divided by 157.
1
What is the remainder when 87006215 is divided by 139?
138
What is the remainder when 2824177 is divided by 315?
202
What is the remainder when 1577464 is divided by 788525?
414
Calculate the remainder when 355692 is divided by 1248.
12
What is the remainder when 245501 is divided by 61333?
169
What is the remainder when 150949 is divided by 34?
23
What is the remainder when 13540566 is divided by 2066?
2
What is the remainder when 2236535 is divided by 4?
3
What is the remainder when 3183275 is divided by 636640?
75
What is the remainder when 51993084 is divided by 1211?
10
Calculate the remainder when 45874401 is divided by 707.
706
Calculate the remainder when 710332 is divided by 3624.
28
Calculate the remainder when 141752860 is divided by 4923.
4921
What is the remainder when 4647353 is divided by 1682?
1669
What is the remainder when 13421 is divided by 1876?
289
Calculate the remainder when 121944 is divided by 2666.
1974
Calculate the remainder when 9296810 is divided by 58105.
10
What is the remainder when 1463890 is divided by 292777?
5
What is the remainder when 4023 is divided by 506?
481
What is the remainder when 12302559 is divided by 4676?
3
Calculate the remainder when 5067230 is divided by 4.
2
What is the remainder when 276198 is divided by 46031?
12
Calculate the remainder when 28648366 is divided by 36.
34
What is the remainder when 1291364 is divided by 49?
18
What is the remainder when 184450 is divided by 17?
0
What is the remainder when 69688 is divided by 8690?
168
What is the remainder when 8396864 is divided by 299887?
28
What is the remainder when 200754 is divided by 90?
54
What is the remainder when 11538706 is divided by 2307741?
1
What is the remainder when 578946 is divided by 115731?
291
Calculate the remainder when 21965 is divided by 3795.
2990
What is the remainder when 13299 is divided by 6579?
141
What is the remainder when 1416769 is divided by 1979?
1784
What is the remainder when 8787980 is divided by 63681?
2
What is the remainder when 9659061 is divided by 38?
31
What is the remainder when 1601187735 is divided by 34?
31
What is the remainder when 5106265 is divided by 456?
433
What is the remainder when 2785581 is divided by 2083?
610
Calculate the remainder when 393956 is divided by 6452.
384
Calculate the remainder when 4370453 is divided by 14815.
28
What is the remainder when 237102 is divided by 11410?
8902
What is the remainder when 4203008 is divided by 135580?
28
What is the remainder when 200258681 is divided by 384?
377
Calculate the remainder when 12822185 is divided by 286.
233
What is the remainder when 7639 is divided by 2505?
124
Calculate the remainder when 79285157 is divided by 5488.
21
Calculate the remainder when 2743312 is divided by 49.
47
Calculate the remainder when 4331235 is divided by 1022.
1021
What is the remainder when 3457131 is divided by 2291?
12
Calculate the remainder when 912438 is divided by 1061.
1039
Calculate the remainder when 150490972 is divided by 1279.
1274
Calculate the remainder when 3125899 is divided by 80.
59
What is the remainder when 36749775 is divided by 1877?
1869
What is the remainder when 603403 is divided by 13197?
9538
Calculate the remainder when 14526676 is divided by 4842215.
31
Calculate the remainder when 210611 is divided by 428.
35
What is the remainder when 40324 is divided by 13439?
7
Calculate the remainder when 8444678 is divided by 1893.
5
Calculate the remainder when 4872326 is divided by 155.
56
Calculate the remainder when 791509 is divided by 461.
433
What is the remainder when 388 is divided by 1?
0
Calculate the remainder when 481434 is divided by 3298.
3224
Calculate the remainder when 1172355 is divided by 586139.
77
Calculate the remainder when 7593273 is divided by 38.
37
Calculate the remainder when 328379 is divided by 26.
25
Calculate the remainder when 2096985 is divided by 174746.
33
Calculate the remainder when 65338 is divided by 6494.
398
What is the remainder when 499780 is divided by 99586?
1850
What is the remainder when 358056 is divided by 118951?
1203
Calculate the remainder when 429285 is divided by 48.
21
Calculate the remainder when 24786519 is divided by 20.
19
What is the remainder when 1709320 is divided by 1709289?
31
Calculate the remainder when 414922 is divided by 583.
409
What is the remainder when 718774 is divided by 7692?
3418
What is the remainder when 553050 is divided by 639?
315
What is the remainder when 124070243 is divided by 318?
317
What is the remainder when 6187401 is divided by 493?
251
What is the remainder when 258147 is divided by 36?
27
Calculate the remainder when 13664830 is divided by 3846.
3838
Calculate the remainder when 32068 is divided by 7567.
1800
Calculate the remainder when 4936804 is divided by 12342.
4
What is the remainder when 313447 is divided by 395?
212
Calculate the remainder when 35431 is divided by 6721.
1826
What is the remainder when 3412995 is divided by 513?
6
Calculate the remainder when 206067 is divided by 15850.
17
Calculate the remainder when 20258808 is divided by 7049.
7031
Calculate the remainder when 154747 is divided by 304.
11
Calculate the remainder when 280221 is divided by 46577.
759
Calculate the remainder when 18069 is divided by 1753.
539
What is the remainder when 77786243 is divided by 3750?
3743
What is the remainder when 210498 is divided by 210467?
31
What is the remainder when 628062 is divided by 9102?
24
What is the remainder when 42367 is divided by 1210?
17
Calculate the remainder when 316653 is divided by 54.
51
What is the remainder when 27967945 is divided by 16?
9
Calculate the remainder when 187338 is divided by 195.
138
Calculate the remainder when 337247 is divided by 12036.
239
What is the remainder when 1604367 is divided by 178260?
27
What is the remainder when 2224578 is divided by 175?
153
Calculate the remainder when 3809156 is divided by 725.
6
Calculate the remainder when 593813 is divided by 401.
333
Calculate the remainder when 1064079 is divided by 532031.
17
What is the remainder when 923500383 is divided by 27?
24
What is the remainder when 75914827 is divided by 336?
331
Calculate the remainder when 236540 is divided by 55.
40
Calculate the remainder when 19226193 is divided by 24.
9
What is the remainder when 1275134 is divided by 51004?
34
What is the remainder when 672573 is divided by 33628?
13
Calculate the remainder when 113202 is divided by 212.
206
What is the remainder when 24811028 is divided by 20?
8
Calculate the remainder when 55302835 is divided by 1223.
1221
Calculate the remainder when 1145858 is divided by 3626.
42
What is the remainder when 20894071 is divided by 9865?
1
What is the remainder when 4755217 is divided by 3525?
3517
Calculate the remainder when 10499848 is divided by 18.
16
What is the remainder when 137220945 is divided by 9?
6
Calculate the remainder when 723489 is divided by 823.
72
What is the remainder when 491940973 is divided by 109?
102
What is the remainder when 328910 is divided by 14120?
4150
Calculate the remainder when 72739330 is divided by 3636966.
10
Calculate the remainder when 88904 is divided by 11.
2
What is the remainder when 18151569 is divided by 18151505?
64
What is the remainder when 21075877 is divided by 38?
13
Calculate the remainder when 100337522 is divided by 2387.
2364
What is the remainder when 75617614 is divided by 593?
33
What is the remainder when 63206857 is divided by 63206856?
1
What is the remainder when 1511622 is divided by 16?
6
What is the remainder when 167555 is divided by 98?
73
What is the remainder when 43021650 is divided by 169?
165
What is the remainder when 191879 is divided by 7086?
557
What is the remainder when 540439 is divided by 84?
67
What is the remainder when 6570548 is divided by 70?
68
Calculate the remainder when 119151747 is divided by 750.
747
Calculate the remainder when